{"id":2854,"date":"2021-04-23T16:02:26","date_gmt":"2021-04-23T13:02:26","guid":{"rendered":"http:\/\/aysangrup.com.tr\/?post_type=product&#038;p=2854"},"modified":"2026-02-21T14:54:06","modified_gmt":"2026-02-21T11:54:06","slug":"atom-2","status":"publish","type":"product","link":"https:\/\/aysangrup.com.tr\/index.php\/urun\/atom-2\/","title":{"rendered":"Atom"},"content":{"rendered":"<p>D\u00f6rtl\u00fc Sark\u0131t avize.<br \/>\nRenk: Eskitme<\/p>\n<p>Duy tipi: E27 max 40Watt<\/p>\n","protected":false},"excerpt":{"rendered":"<p>D\u00f6rtl\u00fc Sark\u0131t avize. Renk: Eskitme Duy tipi: E27 max 40Watt<\/p>\n","protected":false},"featured_media":2855,"template":"","meta":[],"product_brand":[],"product_cat":[163,144],"product_tag":[],"class_list":{"0":"post-2854","1":"product","2":"type-product","3":"status-publish","4":"has-post-thumbnail","6":"product_cat-coklu-sarkit","7":"product_cat-modern-avizeler","10":"instock","11":"taxable","12":"shipping-taxable","13":"purchasable","14":"product-type-simple"},"_links":{"self":[{"href":"https:\/\/aysangrup.com.tr\/index.php\/wp-json\/wp\/v2\/product\/2854","targetHints":{"allow":["GET"]}}],"collection":[{"href":"https:\/\/aysangrup.com.tr\/index.php\/wp-json\/wp\/v2\/product"}],"about":[{"href":"https:\/\/aysangrup.com.tr\/index.php\/wp-json\/wp\/v2\/types\/product"}],"wp:featuredmedia":[{"embeddable":true,"href":"https:\/\/aysangrup.com.tr\/index.php\/wp-json\/wp\/v2\/media\/2855"}],"wp:attachment":[{"href":"https:\/\/aysangrup.com.tr\/index.php\/wp-json\/wp\/v2\/media?parent=2854"}],"wp:term":[{"taxonomy":"product_brand","embeddable":true,"href":"https:\/\/aysangrup.com.tr\/index.php\/wp-json\/wp\/v2\/product_brand?post=2854"},{"taxonomy":"product_cat","embeddable":true,"href":"https:\/\/aysangrup.com.tr\/index.php\/wp-json\/wp\/v2\/product_cat?post=2854"},{"taxonomy":"product_tag","embeddable":true,"href":"https:\/\/aysangrup.com.tr\/index.php\/wp-json\/wp\/v2\/product_tag?post=2854"}],"curies":[{"name":"wp","href":"https:\/\/api.w.org\/{rel}","templated":true}]}}