{"id":2217,"date":"2019-07-06T00:35:18","date_gmt":"2019-07-05T21:35:18","guid":{"rendered":"http:\/\/aysangrup.com.tr\/?post_type=product&#038;p=2217"},"modified":"2026-02-21T15:04:05","modified_gmt":"2026-02-21T12:04:05","slug":"fuga","status":"publish","type":"product","link":"https:\/\/aysangrup.com.tr\/index.php\/urun\/fuga\/","title":{"rendered":"Fuga"},"content":{"rendered":"<p>Siyah ve krem renk se\u00e7enekleri mevcuttur.<\/p>\n<p>Ba\u015fl\u0131k \u00e7ap\u0131: 45cm<\/p>\n<p>E27 duy<\/p>\n","protected":false},"excerpt":{"rendered":"<p>Siyah ve krem renk se\u00e7enekleri mevcuttur. Ba\u015fl\u0131k \u00e7ap\u0131: 45cm E27 duy<\/p>\n","protected":false},"featured_media":2220,"template":"","meta":[],"product_brand":[],"product_cat":[152],"product_tag":[],"class_list":{"0":"post-2217","1":"product","2":"type-product","3":"status-publish","4":"has-post-thumbnail","6":"product_cat-lambaderler","9":"instock","10":"taxable","11":"shipping-taxable","12":"purchasable","13":"product-type-simple"},"_links":{"self":[{"href":"https:\/\/aysangrup.com.tr\/index.php\/wp-json\/wp\/v2\/product\/2217","targetHints":{"allow":["GET"]}}],"collection":[{"href":"https:\/\/aysangrup.com.tr\/index.php\/wp-json\/wp\/v2\/product"}],"about":[{"href":"https:\/\/aysangrup.com.tr\/index.php\/wp-json\/wp\/v2\/types\/product"}],"wp:featuredmedia":[{"embeddable":true,"href":"https:\/\/aysangrup.com.tr\/index.php\/wp-json\/wp\/v2\/media\/2220"}],"wp:attachment":[{"href":"https:\/\/aysangrup.com.tr\/index.php\/wp-json\/wp\/v2\/media?parent=2217"}],"wp:term":[{"taxonomy":"product_brand","embeddable":true,"href":"https:\/\/aysangrup.com.tr\/index.php\/wp-json\/wp\/v2\/product_brand?post=2217"},{"taxonomy":"product_cat","embeddable":true,"href":"https:\/\/aysangrup.com.tr\/index.php\/wp-json\/wp\/v2\/product_cat?post=2217"},{"taxonomy":"product_tag","embeddable":true,"href":"https:\/\/aysangrup.com.tr\/index.php\/wp-json\/wp\/v2\/product_tag?post=2217"}],"curies":[{"name":"wp","href":"https:\/\/api.w.org\/{rel}","templated":true}]}}