{"id":20,"date":"2018-01-12T05:31:09","date_gmt":"2018-01-12T05:31:09","guid":{"rendered":"http:\/\/theme.nileforest.com\/woo\/philos4\/?page_id=20"},"modified":"2021-05-16T15:29:43","modified_gmt":"2021-05-16T12:29:43","slug":"home-2","status":"publish","type":"page","link":"https:\/\/aysangrup.com.tr\/","title":{"rendered":"Ana Sayfa"},"content":{"rendered":"<div id=\"pl-20\"  class=\"panel-layout\"><div id=\"pg-20-0\"  class=\"panel-grid panel-no-style\"><div id=\"pgc-20-0-0\"  class=\"panel-grid-cell\"><\/div><\/div><div id=\"pg-20-1\"  class=\"panel-grid panel-no-style\"><div id=\"pgc-20-1-0\"  class=\"panel-grid-cell\"><div id=\"panel-20-1-0-0\" class=\"so-panel widget widget_black-studio-tinymce widget_black_studio_tinymce panel-first-child panel-last-child\" data-index=\"1\"><h3 class=\"widget-title\">Promo Text<\/h3><div class=\"textwidget\"><!-- Promo Box -->\n<section id=\"promo\" class=\"section-padding-sm promo \">\n<div class=\"container\">\n<div class=\"promo-box row\">\n<div class=\"col-md-4 mtb-sm-30 promo-item\">\n<div class=\"icon\"><i class=\"fa fa-truck\" aria-hidden=\"true\">\u00a0<\/i><\/div>\n<div class=\"info\">\n<h6 class=\"normal\">H\u0131zl\u0131 Teslimat<\/h6>\n<p>Stoktan h\u0131zl\u0131 teslimat<\/p>\n<\/div>\n<\/div>\n<div class=\"col-md-4 mtb-sm-30 promo-item\">\n<div class=\"icon\"><i class=\"fa fa-money\" aria-hidden=\"true\">\u00a0<\/i><\/div>\n<div class=\"info\">\n<h6 class=\"normal\">Uygun Fiyat<\/h6>\n<p>En iyi fiyat garantisi<\/p>\n<\/div>\n<\/div>\n<div class=\"col-md-4 mtb-sm-30 promo-item\">\n<div class=\"icon\"><i class=\"fa fa-flag\" aria-hidden=\"true\">\u00a0<\/i><\/div>\n<div class=\"info\">\n<h6 class=\"normal\">%100 Yerli<\/h6>\n<p>Avizeler kendi \u00fcretimimizdir<\/p>\n<\/div>\n<\/div>\n<\/div>\n<\/div>\n<\/section><!-- End Promo Box --><\/div><\/div><\/div><\/div><\/div><p> <a href=\"https:\/\/aysangrup.com.tr\/#more-20\" class=\"more-link\">Devam\u0131n\u0131 oku<\/a><\/p>","protected":false},"excerpt":{"rendered":"<p>\u00a0 H\u0131zl\u0131 Teslimat Stoktan h\u0131zl\u0131 teslimat \u00a0 Uygun Fiyat En iyi fiyat garantisi \u00a0 %100 Yerli Avizeler kendi \u00fcretimimizdir<\/p>\n","protected":false},"author":1,"featured_media":0,"parent":0,"menu_order":0,"comment_status":"closed","ping_status":"closed","template":"","meta":{"footnotes":""},"class_list":["post-20","page","type-page","status-publish","hentry"],"_links":{"self":[{"href":"https:\/\/aysangrup.com.tr\/index.php\/wp-json\/wp\/v2\/pages\/20","targetHints":{"allow":["GET"]}}],"collection":[{"href":"https:\/\/aysangrup.com.tr\/index.php\/wp-json\/wp\/v2\/pages"}],"about":[{"href":"https:\/\/aysangrup.com.tr\/index.php\/wp-json\/wp\/v2\/types\/page"}],"author":[{"embeddable":true,"href":"https:\/\/aysangrup.com.tr\/index.php\/wp-json\/wp\/v2\/users\/1"}],"replies":[{"embeddable":true,"href":"https:\/\/aysangrup.com.tr\/index.php\/wp-json\/wp\/v2\/comments?post=20"}],"version-history":[{"count":10,"href":"https:\/\/aysangrup.com.tr\/index.php\/wp-json\/wp\/v2\/pages\/20\/revisions"}],"predecessor-version":[{"id":3626,"href":"https:\/\/aysangrup.com.tr\/index.php\/wp-json\/wp\/v2\/pages\/20\/revisions\/3626"}],"wp:attachment":[{"href":"https:\/\/aysangrup.com.tr\/index.php\/wp-json\/wp\/v2\/media?parent=20"}],"curies":[{"name":"wp","href":"https:\/\/api.w.org\/{rel}","templated":true}]}}